(base 6) to base 13
41a969
Convert a1fbb (base 16) to base 7.
5432232
-8454c (base 14) to base 9
-536055
What is 1452425052 (base 6) in base 14?
260db84
Convert -1011000001001100 (base 2) to base 7.
-245403
-4aa0b1 (base 15) to base 4
-31221131002
What is -113a9 (base 16) in base 8?
-211651
Convert -6156023 (base 7) to base 9.
-1342605
What is -367645 (base 15) in base 7?
-31105223
Convert 341aa (base 15) to base 11.
1035a1
Convert -2322212 (base 6) to base 4.
-131033000
-a888 (base 12) to base 16
-4868
What is 50e80 (base 15) in base 11?
1656a7
-104384 (base 12) to base 2
-111110100100010100
32030402 (base 6) to base 10
937154
Convert -ab84a (base 12) to base 9.
-376154
What is -401055 (base 7) in base 5?
-4130421
-200121131 (base 4) to base 13
-4852a
10000112110210 (base 3) to base 16
187d0a
Convert -2310254 (base 11) to base 9.
-7538451
What is -2d34b (base 16) in base 14?
-4b69d
-2c46 (base 13) to base 11
-4961
What is 368087 (base 9) in base 10?
222424
What is 1537a17 (base 13) in base 14?
c89098
What is -2410433322 (base 5) in base 2?
-10101001101110101110000
What is -72268 (base 10) in base 4?
-101221030
Convert 2853405 (base 13) to base 3.
220000222200120
8240b (base 14) to base 12
1315a3
Convert -1201220222 (base 3) to base 11.
-23779
Convert 16b503 (base 12) to base 15.
7b689
Convert 5ebbd2 (base 15) to base 2.
10001010101101110001110
22397 (base 14) to base 11
57432
19ecf (base 16) to base 6
2135343
-6152004 (base 7) to base 4
-2303202210
Convert 12303465 (base 9) to base 7.
102134153
Convert 3330060 (base 8) to base 7.
10424241
-10122112111 (base 3) to base 2
-10001100010011001
Convert -2f8a7 (base 16) to base 2.
-101111100010100111
-1103312010 (base 4) to base 16
-53d84
What is 12112020102002 (base 3) in base 12?
b97aa8
What is -12122012111 (base 3) in base 12?
-54264
Convert -136333 (base 9) to base 11.
-5770a
What is -17b468 (base 14) in base 9?
-1516214
88143 (base 10) to base 6
1520023
-1300134323 (base 5) to base 8
-13742334
Convert 1a3389 (base 12) to base 11.
296051
130922 (base 10) to base 8
377552
Convert -2074142 (base 9) to base 10.
-1111844
-316060 (base 10) to base 11
-1a6508
524424520 (base 6) to base 15
c14c03
What is -150892 (base 10) in base 5?
-14312032
-692672 (base 12) to base 11
-a5025a
-1211630 (base 9) to base 11
-409964
Convert -181718 (base 9) to base 13.
-3c49a
Convert -32203030 (base 5) to base 16.
-42789
What is -129a92 (base 12) in base 11?
-19aa60
Convert 11443413014 (base 5) to base 14.
1b55dd4
What is 114a17 (base 14) in base 15?
b989c
What is c7203 (base 13) in base 12?
153530
12dbb (base 14) to base 4
23120121
Convert 4004556 (base 7) to base 6.
14042210
Convert -156052 (base 8) to base 14.
-1677c
Convert 642741 (base 8) to base 16.
345e1
What is -2122234 (base 5) in base 9?
-54267
Convert -131354510 (base 6) to base 10.
-2596938
Convert -104301014 (base 5) to base 2.
-1110000111100101010
Convert -15502313 (base 8) to base 5.
-1403313224
Convert 30300302 (base 4) to base 10.
52274
3634a0 (base 11) to base 8
2144142
Convert 110100011101001 (base 2) to base 11.
191a6
-1225190 (base 10) to base 13
-33b885
1000122201211 (base 3) to base 12
223041
What is -102001333 (base 4) in base 9?
-122271
640664 (base 7) to base 16
1b0c2
What is -1b177a5 (base 13) in base 4?
-202022212002
What is -678292 (base 11) in base 4?
-10013213220
What is -45ca46 (base 13) in base 4?
-12110110121
Convert 17756222 (base 8) to base 16.
3fdc92
Convert 5376344 (base 8) to base 15.
1d6e66
Convert -262346 (base 7) to base 10.
-48887
Convert -54205100 (base 6) to base 12.
-653790
Convert 2489 (base 13) to base 7.
21053
766048 (base 9) to base 6
13444155
What is 27824083 (base 9) in base 2?
110100100010111011000010
40451040 (base 6) to base 15
17ceb3
10b0224 (base 12) to base 11
18a6029
1a66e (base 15) to base 6
1501205
What is -dbc016 (base 15) in base 11?
-5a0079a
Convert -442334040 (base 5) to base 3.
-10121110000210
-570242 (base 11) to base 10
-908030
Convert -dbb121 (base 14) to base 10.
-7444697
1062478 (base 11) to base 4
13012233232
120134313 (base 5) to base 8
2067012
What is 11002112101100 (base 3) in base 13?
5b2360
What is 1932356 (base 11) in base 5?
1314034104
Convert 2000320230 (base 4) to base 7.
4326054
Convert 3b64778 (base 13) to base 12.
634051a
Convert -48663 (base 10) to base 14.
-13a3d
What is -1678474 (base 9) in base 3?
-1202122112111
-888732 (base 12) to base 2
-1000010010001000010110
Convert 2392581 (base 12) to base 14.
cbbdbb
What is 22117100 (base 8) in base 4?
102021321000
What is 389557 (base 10) in base 9?
653331
Convert 1001202022221 (base 3) to base 7.
4544662
What is 122610 (base 8) in base 2?
1010010110001000
Convert -3a6ce8 (base 16) to base 4.
-32212303220
What is 13431316 (base 7) in base 6?
42453344
Convert 6b92b6 (base 13) to base 6.
130525553
Convert 40503512 (base 6) to base 4.
10123010210
Convert -258254 (base 9) to base 16.
-26512
What is -30002013 (base 4) in base 5?
-3034122
Convert -2646932 (base 12) to base 8.
-34654666
Convert -1000101100001011011011 (base 2) to base 4.
-20230023123
850379 (base 11) to base 14
276542
Convert 57455 (base 9) to base 2.
1001010110001010
Convert 45330342 (base 7) to base 12.
13a0276
Convert -14c2872 (base 13) to base 5.
-3201114202
What is -27b01cc (base 13) in base 10?
-12567177
Convert 83419a (base 12) to base 10.
2060038
-462af (base 16) to base 5
-33144112
What is -514042 (base 8) in base 15?
-35598
384c5 (base 16) to base 14
60073
What is -4201432243 (base 5) in base 8?
-40713711
Convert 30341210 (base 5) to base 15.
4d03a
What is -10001001010100101010 (base 2) in base 14?
-108daa
What is 2a31b (base 12) in base 11?
40535
Convert 1146015 (base 9) to base 4.
2113221002
Convert -1759 (base 11) to base 15.
-9e7
Convert -78098 (base 11) to base 14.
-2d3aa
722638 (base 11) to base 3
2011221022111
What is -1136223 (base 8) in base 16?
-4bc93
a63c (base 14) to base 12
14712
-152532101 (base 6) to base 9
-6041271
Convert -114320000 (base 5) to base 16.
-844b3
-8571c3 (base 13) to base 2
-1011111011111000011000
What is 1000001221021 (base 3) in base 11?
334381
Convert 1020210100200 (base 3) to base 2.
10100010011000010101
-d0a7 (base 14) to base 9
-54118
What is -32a33 (base 12) in base 16?
-10647
Convert 720247 (base 9) to base 14.
b16c6
Convert 81147 (base 10) to base 11.
55a70
What is 23200213 (base 4) in base 12?
23347
-1344411243 (base 5) to base 12
-121520b
What is 125315 (base 10) in base 2?
11110100110000011
What is 411032 (base 7) in base 15?
15b15
111110101011001010 (base 2) to base 4
332223022
Convert -5c9299 (base 13) to base 11.
-1286548
Convert 4682922 (base 11) to base 13.
1902382
What is 32703 (base 9) in base 4?
11103033
What is -594454 (base 14) in base 8?
-13476452
200112132321 (base 4) to base 10
8480697
-540300 (base 7) to base 14
-26270
What is -1304440 (base 7) in base 9?
-277657
110100110101100001 (base 2) to base 10
216417
What is -267be8 (base 16) in base 11?
-1472978
What is 160511433 (base 7) in base 11?
6101a91
Convert 15506556 (base 7) to base 15.
1e8d7c
Convert -128282 (base 9) to base 14.
-20727
Convert -22101211 (base 3) to base 10.
-6124
What is 10001110000000001011 (base 2) in base 5?
122103033
101000110101100010110 (base 2) to base 8
5065426
db738 (base 14) to base 16
81a46
Convert 1100012201101 (base 3) to base 13.
1bc565
What is -55ea2 (base 15) in base 10?
-273302
What is 381538 (base 11) in base 14?
1196a6
What is 11361660 (base 7) in base 15?
14d433
What is 4136222 (base 7) in base 2?
1111001010010001010
Convert -18b50 (base 12) to base 4.
-20311230
What is -103170 (base 12) in base 2?
-111110000100100100
What is -94958a (base 14) in base 12?
-1821032
-240504 (base 8) to base 14
-21d88
Convert -430333041 (base 5) to base 16.
-1b9889
What is 95617 (base 16) in base 5?
124034423
What is -1eb5a (base 16) in base 10?
-125786
-555131 (base 7) to base 14
-27918
What is -63c0b3 (base 13) in base 12?
-94a17b
What is -21363164 (base 7) in base 15?
-26265b
Convert d378 (base 16) to base 7.
313555
What is -1056320 (base 8) in base 3?
-112112012001
1102010001 (base 3) to base 15
8374
-301739 (base 15) to base 4
-20231121321
-1302123 (base 6) to base 4
-101031003
-708af (base 16) to base 7
-3626644
527885 (base 10) to base